lse
Is 93 a multiple of 4?
False
Is 12111 a multiple of 33?
True
Is 12 a factor of 72?
True
Does 13 divide 637?
True
Is 45 a factor of 545?
False
Is 6000 a multiple of 12?
True
Does 72 divide 792?
True
Does 18 divide 1350?
True
Is 12 a factor of 2017?
False
Is 23 a factor of 363?
False
Does 35 divide 35?
True
Is 25810 a multiple of 89?
True
Is 10347 a multiple of 14?
False
Is 96 a factor of 105597?
False
Is 114 a factor of 14592?
True
Is 30 a factor of 2160?
True
Is 1885 a multiple of 29?
True
Is 80 a factor of 1287?
False
Does 69 divide 2964?
False
Is 3 a factor of 1363?
False
Is 8865 a multiple of 15?
True
Is 156 a factor of 3744?
True
Is 208 a multiple of 8?
True
Is 86349 a multiple of 321?
True
Is 12558 a multiple of 17?
False
Is 131026 a multiple of 14?
True
Is 18 a factor of 144?
True
Is 40 a factor of 829?
False
Does 9 divide 2953?
False
Does 8 divide 800?
True
Does 12 divide 180?
True
Does 5 divide 410?
True
Does 27 divide 621?
True
Is 9 a factor of 596?
False
Does 18 divide 108?
True
Is 43 a factor of 947?
False
Does 4 divide 23000?
True
Does 13 divide 60?
False
Is 18 a factor of 7524?
True
Does 21 divide 1356?
False
Is 87 a factor of 33304?
False
Is 42 a factor of 24612?
True
Is 94 a factor of 197?
False
Does 12 divide 924?
True
Does 17 divide 23018?
True
Does 24 divide 1752?
True
Is 1200 a multiple of 24?
True
Does 105 divide 1470?
True
Is 6783 a multiple of 51?
True
Is 80439 a multiple of 287?
False
Is 30 a factor of 49450?
False
Does 116 divide 26912?
True
Is 77 a factor of 16632?
True
Is 13728 a multiple of 13?
True
Does 10 divide 479?
False
Is 19 a factor of 1273?
True
Is 7535 a multiple of 14?
False
Is 30 a factor of 34170?
True
Is 2629 a multiple of 35?
False
Does 24 divide 6552?
True
Is 7 a factor of 2207?
False
Does 14 divide 21985?
False
Is 23 a factor of 759?
True
Is 31 a factor of 46357?
False
Is 10 a factor of 616?
False
Is 6129 a multiple of 9?
True
Does 28 divide 718?
False
Does 35 divide 28125?
False
Is 32648 a multiple of 106?
True
Is 18 a factor of 5040?
True
Is 21 a factor of 2397?
False
Is 66 a multiple of 17?
False
Does 79 divide 4266?
True
Does 5 divide 827?
False
Does 102 divide 39066?
True
Is 5207 a multiple of 127?
True
Does 19 divide 5058?
False
Is 36 a multiple of 2?
True
Is 14 a factor of 8819?
False
Is 4236 a multiple of 5?
False
Is 37 a factor of 11285?
True
Does 292 divide 88855?
False
Is 15 a factor of 7620?
True
Is 3224 a multiple of 129?
False
Does 68 divide 1817?
False
Does 136 divide 58209?
False
Does 52 divide 121199?
False
Is 2313 a multiple of 9?
True
Is 1015 a multiple of 29?
True
Is 72 a factor of 2304?
True
Is 4923 a multiple of 12?
False
Does 45 divide 225?
True
Is 27 a factor of 23015?
False
Is 507 a multiple of 3?
True
Is 49896 a multiple of 72?
True
Does 5 divide 433?
False
Does 84 divide 37128?
True
Is 15 a factor of 2220?
True
Is 308 a multiple of 4?
True
Is 29 a factor of 551?
True
Is 9 a factor of 2633?
False
Is 485 a multiple of 4?
False
Is 2187 a multiple of 27?
True
Does 28 divide 85568?
True
Is 11024 a multiple of 26?
True
Is 147 a factor of 38661?
True
Does 55 divide 12346?
False
Is 283 a multiple of 9?
False
Is 42 a factor of 756?
True
Is 31 a factor of 403?
True
Does 10 divide 1950?
True
Does 49 divide 5767?
False
Is 9 a factor of 11754?
True
Is 19 a factor of 7180?
False
Does 13 divide 1021?
False
Is 56 a factor of 7295?
False
Is 127 a factor of 1524?
True
Is 1089 a multiple of 21?
False
Does 51 divide 501?
False
Is 832 a multiple of 17?
False
Is 2041 a multiple of 153?
False
Is 68 a factor of 45152?
True
Does 64 divide 77888?
True
Does 3 divide 1159?
False
Is 3 a factor of 54?
True
Does 12 divide 2735?
False
Does 37 divide 592?
True
Is 2766 a multiple of 32?
False
Is 50 a factor of 50275?
False
Does 14 divide 41?
False
Is 60 a factor of 345?
False
Is 55583 a multiple of 140?
False
Is 11 a factor of 2431?
True
Is 25 a factor of 80175?
True
Is 17 a factor of 24068?
False
Is 16941 a multiple of 212?
False
Is 70 a factor of 4480?
True
Is 27910 a multiple of 36?
False
Does 14 divide 560?
True
Does 6 divide 17046?
True
Does 4 divide 1702?
False
Is 53 a factor of 1060?
True
Does 71 divide 6897?
False
Is 30 a factor of 2310?
True
Is 14 a factor of 751?
False
Is 79280 a multiple of 82?
False
Is 5 a factor of 2840?
True
Is 46722 a multiple of 39?
True
Is 11 a factor of 8965?
True
Is 14 a factor of 2026?
False
Does 14 divide 56854?
True
Is 4 a factor of 10616?
True
Is 55 a factor of 3177?
False
Is 174 a factor of 174?
True
Does 24 divide 21832?
False
Is 45 a factor of 5461?
False
Is 1001 a multiple of 13?
True
Is 34 a factor of 374?
True
Does 9 divide 50?
False
Does 7 divide 369?
False
Is 4130 a multiple of 35?
True
Does 32 divide 704?
True
Does 5 divide 155?
True
Does 42 divide 2586?
False
Is 6154 a multiple of 37?
False
Is 1224 a multiple of 26?
False
Is 1181 a multiple of 29?
False
Is 56 a factor of 4434?
False
Is 4 a factor of 389?
False
Is 3 a factor of 372?
True
Does 241 divide 22688?
False
Is 5024 a multiple of 23?
False
Is 93 a factor of 467?
False
Is 139 a factor of 17792?
True
Is 12768 a multiple of 16?
True
Does 124 divide 1116?
True
Is 10 a factor of 14883?
False
Does 17 divide 2943?
False
Does 7 divide 757?
False
Is 6162 a multiple of 8?
False
Does 191 divide 14325?
True
Is 57 a multiple of 19?
True
Is 35 a factor of 22015?
True
Does 17 divide 1261?
False
Is 14 a factor of 1008?
True
Is 67 a factor of 14941?
True
Is 11 a factor of 1727?
True
Is 29 a factor of 4437?
True
Is 24 a factor of 6506?
False
Is 10762 a multiple of 3?
False
Does 32 divide 54082?
False
Is 21 a factor of 10609?
False
Is 34 a factor of 2412?
False
Is 13824 a multiple of 12?
True
Does 117 divide 2980?
False
Is 5 a factor of 14?
False
Does 13 divide 146?
False
Is 3077 a multiple of 45?
False
Is 101 a factor of 8484?
True
Is 5 a factor of 2602?
False
Does 12 divide 1100?
False
Is 10 a factor of 420?
True
Does 12 divide 15528?
True
Is 11 a factor of 6455?
False
Is 24 a factor of 5792?
False
Does 22 divide 11176?
True
Is 36916 a multiple of 11?
True
Does 10 divide 1270?
True
Does 6 divide 139?
False
Is 5 a factor of 14114?
False
Does 3 divide 93?
True
Does 25 divide 1875?
True
Does 5 divide 277?
False
Is 5244 a multiple of 69?
True
Is 122 a factor of 7930?
True
Is 359 a factor of 41417?
False
Is 89470 a multiple of 389?
True
Does 18 divide 7470?
True
Is 34 a factor of 6411?
False
Does 26 divide 1635?
False
Does 26 divide 1680?
False
Is 6 a factor of 990?
True
Does 58 divide 226?
False
Does 14 divide 1078?
True
Is 5 a factor of 7485?
True
Is 24 a factor of 38809?
False
Is 520 a multiple of 5?
True
Does 2 divide 169?
False
Does 58 divide 12702?
True
Is 65 a factor of 5200?
True
Does 28 divide 650?
False
Is 147 a factor of 36024?
False
Does 15 divide 62873?
False
Does 66 divide 28826?
False
Is 4025 a multiple of 23?
True
Is 1988 a multiple of 7?
True
Is 2584 a multiple of 19?
True
Is 137 a factor of 6576?
True
Is 27 a factor of 9988?
False
Is 3 a factor of 3741?
True
Does 186 divide 13392?
True
Is 8 a factor of 4720?
True
Does 164 divide 5084?
True
Does 4 divide 308?
True
Does 41 divide 1567?
False
Is 14 a factor of 1330?
True
Does 49 divide 29694?
True
Is 99 a factor of 6831?
True
Does 13 divide 650?
True
Does 36 divide 27961?
False
Does 26 divide 1326?
True
Is 261 a multiple of 9?
True
Is 125 a factor of 20125?
True
Is 78 a factor of 54918?
False
Is 2 a factor of 51?
False
Is 56 a factor of 2016?
True
Does 22 divide 770?
True
Does 42 divide 62882?
False
Does 90 divide 7290?
True
Is 1411 a multiple of 5?
False
Is 284 a multiple of 22?
False
Does 23 divide 782?
True
Is 14349 a multiple of 133?
False
Is 32 a factor of 8766?
False
Does 13 divide 195?
True
Does 8 divide 467?
False
Is 237 a multiple of 17?
False
Is 544 a multiple of 9?
False
Is 97 a multiple of 5?
False
Is 779 even?
False
Is 19 a factor of 257?
False
Is 48 a factor of 4416?
True
Does 4 divide 2812?
True
Does 28 divide 1605?
False
Is 8 a factor of 7880?
True
Is 720 a multiple of 120?
True
Does 20 divide 1183?
False
Is 26 a factor of 1229?
False
Is 10452 a multiple of 19?
False
Is 40 a factor of 2240?
True
Is 467 a multiple of 17?
False
Is 23444 a multiple of 211?
False
Is 66 a factor of 2904?
True
Does 4 divide 571?
False
Is 9316 a multiple of 